ine k(48).
71
Let o(z) = -10*z**2 + 63*z - 444. Calculate o(6).
-426
Let d(z) = 81*z + 2343. Determine d(-29).
-6
Let t(u) = 2*u**2 - 83*u - 577. Give t(-6).
-7
Let w(j) = 23*j - 77. Calculate w(5).
38
Let h(f) = f**3 + 101*f**2 - 416*f + 426. Determine h(-105).
6
Let b(y) = -y**2 + 35*y + 1751. What is b(-28)?
-13
Let p(r) = 2*r**2 + 40*r - 764. Determine p(12).
4
Let i(f) = -2*f**3 + 5*f**2 + 10*f - 30. Calculate i(4).
-38
Let x(p) = 10*p - 148. Determine x(19).
42
Let a(x) = -7*x**3 + 1090*x**2 + 1089*x. Calculate a(-1).
8
Let c(k) = -k**2 - 62*k - 146. Determine c(-60).
-26
Let l(a) = -2*a**2 - 2*a + 10. Give l(-5).
-30
Let b(n) = 343*n + 654. Calculate b(-2).
-32
Let t(y) = 177*y - 1263. Calculate t(7).
-24
Let z(k) = -k**3 + 27*k**2 - 66*k - 103. Determine z(4).
1
Let d(a) = -4*a**2 - 9*a + 29. What is d(-4)?
1
Let u(x) = 7*x - 36. Determine u(19).
97
Let x(g) = 18*g**2 - 59*g - 1. Determine x(3).
-16
Let i(n) = -n**3 + 38*n**2 - 156*n + 18. What is i(4)?
-62
Let a(w) = 114*w + 5246. Determine a(-46).
2
Let g(a) = a**3 + 36*a**2 + 304*a + 15. Determine g(-22).
103
Let q(f) = -f**3 + 149*f**2 - 982*f - 1723. Determine q(142).
-19
Let t(d) = d**3 - 7*d**2 + 67*d - 368. Give t(6).
-2
Let y(o) = -o**3 - 20*o**2 + 2*o + 82. What is y(-20)?
42
Let z(m) = -m**2 + 13*m + 14. Give z(11).
36
Let y(c) = -2*c**2 - 133*c - 50. Determine y(-67).
-117
Let b(k) = k**3 - 15*k**2 - 107*k + 1444. Determine b(9).
-5
Let v(b) = -b**3 + b**2 + 451*b - 3135. Give v(7).
-272
Let y(t) = 4*t**2 + 69*t - 121. Calculate y(-20).
99
Let p(u) = -255*u + 1795. Give p(7).
10
Let p(v) = -2*v**2 - 55*v + 58. What is p(-29)?
-29
Let d(n) = n**3 - 32*n**2 + 28*n + 127. What is d(31)?
34
Let d(n) = 26*n**2 + 217*n - 150. What is d(-9)?
3
Let g(o) = o**3 - 2*o**2 - 21*o - 6. Give g(6).
12
Let z(i) = -2*i**2 - 42*i + 35. Calculate z(-18).
143
Let y(l) = 15*l - 1643. Determine y(89).
-308
Let m(p) = -p**3 - 41*p**2 + 47*p - 206. What is m(-42)?
-416
Let m(a) = -3*a**2 + 150*a - 1442. Calculate m(37).
1
Let h(g) = 32*g + 1309. What is h(-39)?
61
Let f(k) = -k**3 - 51*k**2 - 519*k - 166. What is f(-37)?
-129
Let m(u) = -436*u + 6107. Calculate m(14).
3
Let k(x) = 2*x**3 - 14*x**2 - 27*x + 78. Calculate k(8).
-10
Let g(b) = b**3 - 39*b**2 + 205*b - 318. Determine g(33).
-87
Let b(i) = -2*i**3 - 18*i**2 - 23*i - 68. Determine b(-8).
-12
Let b(j) = -2*j**2 - 193*j - 1258. Determine b(-7).
-5
Let b(j) = 3*j + 118. Give b(-37).
7
Let t(m) = -2*m**2 - 28*m + 140. Give t(7).
-154
Let b(w) = -w**3 - 11*w**2 + 127*w - 116. What is b(-19)?
359
Let g(s) = -s**2 + 159*s - 1068. Determine g(7).
-4
Let y(k) = -k**2 + 31*k - 210. What is y(21)?
0
Let t(r) = r**2 + 12*r - 2875. What is t(-60)?
5
Let d(g) = 85*g + 263. Give d(-3).
8
Let a(d) = -6*d**2 + 122*d - 28. What is a(20)?
12
Let r(k) = k**3 + 6*k**2 + 14*k + 36. What is r(-4)?
12
Let m(h) = -51*h + 1286. Give m(25).
11
Let p(z) = z**3 + 16*z**2 - 831*z + 185. What is p(-38)?
-5
Let f(o) = o**2 - 114*o + 1729. Calculate f(96).
1
Let q(u) = -7*u**3 - 54*u**2 + 83*u - 29. What is q(-9)?
-47
Let f(q) = 9563*q - 172135. Give f(18).
-1
Let k(z) = -28*z + 277. What is k(9)?
25
Let c(l) = 14*l - 1305. Give c(90).
-45
Let d(x) = -3*x**2 - 22*x - 25. Determine d(-2).
7
Let p(f) = 12*f - 516. Give p(46).
36
Let d(l) = -3*l**2 + 25*l + 23. Give d(6).
65
Let j(f) = 8*f - 96. Calculate j(3).
-72
Let z(o) = -3*o**2 + 294*o - 846. What is z(95)?
9
Let q(s) = 34*s + 919. Determine q(-24).
103
Let m(o) = 320*o - 15976. Calculate m(50).
24
Let d(p) = 1645*p - 14799. Determine d(9).
6
Let t(i) = -9*i**2 + 208*i - 752. Give t(19).
-49
Let q(h) = 113*h**2 - 7*h + 1. Determine q(1).
107
Let f(d) = 7*d**2 + 363*d - 2489. Calculate f(-58).
5
Let g(l) = -3*l**2 - 18*l + 68. Calculate g(-8).
20
Let g(y) = -2*y**3 - 14*y**2 + 34*y + 23. What is g(-9)?
41
Let g(d) = -3*d**3 + 171*d**2 + 174*d - 2. Give g(58).
-2
Let v(o) = -o**2 + 14*o - 83. Give v(6).
-35
Let x(u) = u**3 - 15*u**2 + 64*u - 265. Determine x(11).
-45
Let t(n) = -4*n**2 - 105*n + 104. Calculate t(1).
-5
Let f(g) = -g**3 + 41*g**2 - 44*g + 151. Calculate f(40).
-9
Let q(p) = 2*p**2 + 30*p - 61. Calculate q(2).
7
Let j(z) = -113*z - 1577. Calculate j(-14).
5
Let n(h) = 2285*h - 22836. Determine n(10).
14
Let p(t) = 193*t**2 - 20*t - 19. Calculate p(-1).
194
Let t(d) = 6340*d + 12660. What is t(-2)?
-20
Let c(q) = -q**3 - 52*q**2 - 577*q - 59. Determine c(-36).
-23
Let g(x) = 2*x**3 + 134*x**2 + 618*x - 128. What is g(-62)?
-4
Let a(x) = -12*x**3 + 11*x**2 + 9*x - 6. Determine a(2).
-40
Let h(u) = u**3 + 42*u**2 + 81*u + 35. Give h(-40).
-5
Let q(z) = z**2 - 12*z - 5. Determine q(15).
40
Let i(d) = -31*d - 199. Give i(-5).
-44
Let r(t) = 2*t**2 + 26*t + 55. Calculate r(-11).
11
Let v(h) = -6*h**2 + 15*h - 8. Give v(9).
-359
Let r(j) = 2*j**2 - 20*j - 19. Give r(13).
59
Let d(h) = -91*h - 1740. Calculate d(-20).
80
Let d(q) = -115*q + 2799. What is d(24)?
39
Let a(u) = 6*u**3 - 21*u**2 - 17*u + 26. Give a(4).
6
Let d(n) = n**2 + 374*n - 3837. Determine d(10).
3
Let i(v) = -v**3 + 11*v**2 - 21*v + 365. Calculate i(12).
-31
Let t(b) = -b**3 - 33*b**2 - 263*b - 60. Determine t(-20).
0
Let h(s) = 2700*s + 24296. Calculate h(-9).
-4
Let n(l) = -83846*l - 251542. Determine n(-3).
-4
Let a(o) = 20*o**3 - 118*o**2 + 7*o - 115. What is a(6)?
-1
Let p(k) = -3*k**3 - 28*k**2 + 19*k - 3. Determine p(-10).
7
Let v(f) = 8*f**2 - 72*f + 100. Determine v(7).
-12
Let m(w) = -492*w + 3414. Calculate m(7).
-30
Let v(u) = 4*u**3 - 22*u**2 - 8*u - 158. Determine v(8).
418
Let k(z) = 4*z**2 - 195*z + 1517. Determine k(8).
213
Let a(c) = 2*c**2 + 96*c + 14. Give a(0).
14
Let i(p) = 3420*p - 13645. Calculate i(4).
35
Let m(v) = 82*v + 616. Calculate m(-4).
288
Let c(h) = 27*h**2 + 13*h - 1. What is c(-2)?
81
Let j(u) = 6*u**2 + 35*u + 209. Calculate j(-7).
258
Let d(p) = 7*p**2 - 51*p - 22. Calculate d(9).
86
Let k(i) = -i**3 + 15*i**2 + 23*i - 115. Determine k(16).
-3
Let v(m) = -m**3 - m**2 + 93*m + 490. Determine v(-6).
112
Let d(f) = 252*f - 1520. Determine d(6).
-8
Let u(j) = j**2 + 129*j + 4117. Give u(-58).
-1
Let u(l) = -6*l**2 + 7*l. Calculate u(-2).
-38
Let u(d) = -d**3 - 3*d**2 - 935*d - 3736. Calculate u(-4).
20
Let f(n) = -n**3 + 17*n**2 - 499*n + 7036. What is f(15)?
1
Let y(h) = -8*h**3 + 5*h**2 + 28*h + 43. What is y(-2)?
71
Let x(k) = 2*k**2 + 24*k - 911. What is x(0)?
-911
Let q(k) = 2001*k - 30007. Calculate q(15).
8
Let w(q) = 3328*q + 226306. Give w(-68).
2
Let d(k) = 13*k**2 - 59*k + 28. Determine d(4).
0
Let f(c) = 41*c - 91. Determine f(6).
155
Let l(c) = 2619*c - 39300. What is l(15)?
-15
Let l(q) = 17*q**2 - 193*q - 632. Calculate l(14).
-2
Let k(q) = 24*q + 2391. What is k(-99)?
15
Let q(u) = -52*u - 6958. Give q(-134).
10
Let s(z) = 78*z**2 - 282*z - 2. What is s(4)?
118
Let y(k) = -k**2 - 210*k + 1740. Give y(-218).
-4
Let w(x) = -28*x**2 - 8*x - 44. What is w(-5)?
-704
Let x(g) = 20*g + 18. Determine x(6).
138
Let k(o) = 355*o + 189. Give k(-1).
-166
Let x(d) = -13*d + 522. Give x(29).
145
Let a(c) = 4*c**3 + 246*c**2 + 113*c - 535. Determine a(-61).
14
Let g(c) = -7*c - 105. Give g(0).
-105
Let y(q) = q**2 - 121*q + 3554. Give y(50).
4
Let p(x) = x**3 + 18*x**2 - 169*x + 146. What is p(-25)?
-4
Let m(t) = 4*t**2 - 157*t + 1900. What is m(23)?
405
Let b(r) = -33*r + 52. Give b(10).
-278
Let h(i) = 3*i**2 + 874*i + 4264. Calculate h(-5).
-31
Let g(l) = l**2 + 142*l - 80. Calculate g(0).
-80
Let n(p) = 3*p**3 - 4*p**2 + 7*p - 3. Give n(-4).
-287
Let c(q) = 3*q**3 - 2*q**2 - q + 9. Calculate c(2).
23
Let i(p) = 14*p**2 - 51*p - 17. What is i(7)?
312
Let w(j) = 3*j**3 + 67*j**2 + 70*j + 4. What is w(-1)?
-2
Let t(r) = -2*r**3 + 131*r**2 - 54*r - 522. What is t(65)?
193
Let i(l) = -2*l - 107. Calculate i(7).
-121
Let y(o) = o**3 + 51*o**2 - 100*o + 305. What is y(-53)?
-13
Let l(j) = j**3 + 24*j**2 - 91*j - 115. Determine l(-27).
155
Let l(x) = -22*x - 544. Calculate l(-24).
-16
Let u(s) = 6*s**3 + 5*s**2 + 5*s + 9. Give u(-3).
-123
Let p(y) = y**3 - 33*y**2 + 21*y - 676. Determine p(33).
17
Let p(t) = -t**3 + 148*t**2 + 326*t - 3952. What is p(150)?
-52
Let q(r) = 34*r - 41. Determine q(1).
-7
Let i(t) = 2*t**3 - 3*t**2 - 100*t - 30. Determine i(8).
2
Let f(k) = 202*k + 947. Give f(-5).
-63
Let d(x)